+ 3.
3
Suppose 2*n = 3*p - 939, -p + n - 40 + 354 = 0. What are the prime factors of p?
311
Suppose 3*v = -3*h + 252, 5*v - 168 = -4*h + 247. What are the prime factors of v?
79
Suppose 3*z = 47 + 40. Suppose -3*l - 4*i = -3 - z, 3*l - 5*i = -13. What are the prime factors of l?
2
Suppose a + 563 = -y + 4*y, 559 = 3*y - 5*a. List the prime factors of y.
2, 47
Let q(u) = -3*u**2 - 13*u - 16. Let w be q(-12). Let k be w/18 + 18/81. Let i = -10 - k. What are the prime factors of i?
2, 3
Let v be (-2)/(-9) - (-6)/(-27). Suppose v = 2*u + 26. Let b = 24 + u. What are the prime factors of b?
11
Suppose 3*a + 3*g - 210 = 0, g + 127 = -4*a + 395. Suppose -5*y = -8*y + a. What are the prime factors of y?
2, 11
Let y = -11 + 1. List the prime factors of (-8)/20 + (-184)/y.
2, 3
Let s be (-4)/(-6) + 48/9. Suppose s*z - z = 35. What are the prime factors of z?
7
Let s(c) = 6*c + 1. Let q be s(1). Suppose -3*g + q = -23. What are the prime factors of g?
2, 5
Let v = 80 + -304. Suppose 10*c = 13*c + 63. What are the prime factors of 2/6 + v/c?
11
Let o = 84 - 27. List the prime factors of o.
3, 19
Suppose 4*t = 3*t + 96. Suppose y = -4*u - y + t, -5*u - 3*y + 118 = 0. List the prime factors of u.
2, 13
Let g = -11 - -36. Suppose -5*a - 2*d + 265 = 0, 2*d + 3*d = g. What are the prime factors of a?
3, 17
What are the prime factors of (-3215)/(-25) - (-10)/25?
3, 43
Let u = -210 - -427. What are the prime factors of u?
7, 31
Let h(q) = -q - 3. Let k be h(-3). Suppose j + k*j = -5*m - 13, j = -4*m - 10. Suppose j*r = -3*r + 60. List the prime factors of r.
2, 3
Let x(d) = d**2 - 8*d - 4. Let q be x(9). Suppose q*p - 120 = 5*y, -p - p = 3*y - 43. What are the prime factors of p?
23
Let h = 9 - 5. Suppose 0 = 5*r - 15, h*b = -0*r - 4*r + 20. Suppose -b*q = -5*p + 70, -3*q + 56 = 3*p - 7*q. What are the prime factors of p?
2, 3
Let h = 272 + -103. List the prime factors of h.
13
Suppose 5*v - 7 + 22 = 0. Let b = 7 + v. Suppose -r = -b*k + 13 - 1, 28 = 4*k + 3*r. List the prime factors of k.
2
Let w = -23 - -52. Let j = w - 23. List the prime factors of j.
2, 3
Suppose -o + 3*k = k + 11, k = -2*o - 2. List the prime factors of -1 + -7*(2 + o).
2, 3
Let v be (2/(-5))/(2/30). Let m(r) be the third derivative of r**5/60 + r**4/6 - 2*r**3/3 - r**2. What are the prime factors of m(v)?
2
Let p = 26 - 10. List the prime factors of p.
2
Let d(o) = o**3. Let z be d(0). Suppose 21 = i + 1. Suppose 3*m = -j + 7 + 3, z = -5*j + i. What are the prime factors of m?
2
Suppose -5*q = f + 17, -2*q + 30 = 4*f + f. List the prime factors of f.
2
Let b(x) = x + 1. Let n be b(-3). Let y be (-14)/(-8) - n/8. Suppose -y*o - 2 = -20. What are the prime factors of o?
3
Let o be -57 - (-4 + 1)/3. Let a = -38 - o. List the prime factors of a.
2, 3
Let j be -1 + 4 - (-1 - 1). Suppose 5*c - 30 = -j*o, c = -3*o - 0*o + 14. Suppose -2*g = -n + 30, 2*g - 20 = -2*n - c*g. List the prime factors of n.
2, 5
Let y(g) = 45*g**2 - g. List the prime factors of y(1).
2, 11
Let k(d) be the second derivative of -d**5/20 + 7*d**4/12 - d**3/2 - 3*d**2 - d. List the prime factors of k(6).
2, 3
Suppose -3*g - 5*o + 82 = 0, 2*o + 2*o - 115 = -5*g. Let j be -1 + -4*6/(-4). Suppose 4*c + g = 7*c + 4*f, -j*c + 35 = 5*f. List the prime factors of c.
3
Let f be (-10)/((-7)/((-21)/2)). Let b = f - -25. What are the prime factors of b?
2, 5
Let v = -2 - 0. Let z = 15 + v. List the prime factors of z.
13
Suppose 4*f = -3*s + 10, -s = 1 + 1. Let d(t) = t**3 - 4*t**2 + 5*t + 1. What are the prime factors of d(f)?
3, 7
Suppose 3*i + 43 = -2*d, d + 22 = -3*i - 25. Let o = 21 + i. List the prime factors of o.
2
Let s be 403/9 + 2/9. Let q be (65/(-10) - -5)*-6. What are the prime factors of 10/s - (-79)/q?
3
Let v = -3 + 35. Let s = v - 23. List the prime factors of s.
3
Let b = 15 + -7. Suppose -g = 4*y - 21, 0 = 3*y - 2*g + 7*g - 3. Suppose -b = -u + y. What are the prime factors of u?
2, 7
Suppose -2*r + 5 = 1. Suppose 0 = u + r*u - 87. List the prime factors of u.
29
Let c(l) be the second derivative of -19*l**3/6 + l. List the prime factors of c(-1).
19
Suppose -c - 3 = -3*l - 2*c, -5*c = -5*l + 5. What are the prime factors of 24 + l + (-8 - -4)?
3, 7
Let g(q) be the second derivative of -q**3/3 + q**2 - q. Let m be g(3). What are the prime factors of m/(-2) - (-27)/3?
11
Suppose 0 = 2*j + 2 - 8. Suppose 3*z + a - 114 = 2*a, j*z - 4*a - 123 = 0. What are the prime factors of z?
37
Suppose 4*g = 5*g - 5. Suppose -g*w + 3*w = -32. Let q = -9 + w. List the prime factors of q.
7
Let c = 11 - 9. Suppose -v - c*o + 18 = -0*o, 5*v = -5*o + 90. List the prime factors of v.
2, 3
Let m(q) = -q**3 + 8*q**2 + 4*q + 8. Let n be m(9). Let t be -4 - -4 - (1 + n). Suppose 3*c + 9 = t. What are the prime factors of c?
3
Let z(a) = a - 5. Let s be z(8). Suppose -s*g + 93 = 27. List the prime factors of g.
2, 11
Let m(p) = p**2 - 6*p + 11. List the prime factors of m(10).
3, 17
Suppose -7*z + 3*z + 5*i = -29, z + 4*i = 23. Suppose p - 7 = z. What are the prime factors of p?
2, 3
Suppose 5*d - 3*d + 36 = 0. Let r be (-60)/(-27) + 4/d. Suppose -r + 0 = -h. What are the prime factors of h?
2
Let s be (-1)/(-1 - 0) + -4. Let a = s + 20. What are the prime factors of a?
17
Let v = 12 - 4. List the prime factors of v.
2
Let y(v) = 38*v**2 + 4*v - 4. List the prime factors of y(2).
2, 3, 13
Let o(x) = x + 9. Let f be 1/(-5) + (-3)/(-15). Let s be o(f). List the prime factors of 92/s + 2/(-9).
2, 5
Let n = -2 - -1. Let u be n*(-7 - -1) + 1. Suppose u*b - 2*b - 45 = 0. List the prime factors of b.
3
Let v(d) = d**2 - 3*d**2 + 2*d - d**3 - 4*d**3 - 3*d. Let l be v(-1). What are the prime factors of 1/(-2 + 9/l)?
2
Let x(h) = -h**2 + 11*h + 6. Let w be x(8). Suppose -4*m + w = m. Suppose 2*l - m = l. What are the prime factors of l?
2, 3
Suppose -102 = 3*q + 5*i, 5*q - 2*q - 2*i + 81 = 0. Let l = -15 - q. What are the prime factors of l?
2, 7
Let u(g) = -g**2 - 16*g - 13. What are the prime factors of u(-7)?
2, 5
Let s be 0/(2 - (1 + -1)). Suppose 3*d - 15 - 21 = s. Suppose d + 6 = 3*f. What are the prime factors of f?
2, 3
Let v = -78 - -110. Let w = 4 + -2. Suppose w*d + v = 6*d. What are the prime factors of d?
2
Suppose -15*o = -9*o - 1752. What are the prime factors of o?
2, 73
Let n(u) = -11*u - 22. What are the prime factors of n(-10)?
2, 11
What are the prime factors of (-12)/(-18) + (-178)/(-3)?
2, 3, 5
Let j = 8 - 6. Suppose j*v = 5*f - 2, 5*f = -v + 6*v - 10. List the prime factors of -1*-5*(3 - f).
5
Let x be (1*-1)/((-3)/6). Suppose 13 = 5*j - x. Let p(c) = c**2 - 1. What are the prime factors of p(j)?
2
Let a = 61 + -39. Suppose 2*l + 2*o - a = -2*l, 20 = 4*o. List the prime factors of l.
3
Suppose 2*f + 10 = -q - 11, -3*q = 5*f + 59. Let j = -26 - q. Let o = -6 - j. What are the prime factors of o?
7
Let r(m) = -m**3 + 7*m**2 + 8*m + 3. Let k be r(8). Suppose 0 - 6 = k*p, 4*p - 8 = 2*o. Let i = o + 11. List the prime factors of i.
3
Suppose -2*s + 24 = -98. Let v = s + -30. What are the prime factors of v?
31
Let q = -1 - -5. Let t = q + 4. What are the prime factors of t?
2
Suppose -8 - 12 = -5*b. Let i be -1*4/(b/7). Let y = i - -14. List the prime factors of y.
7
Let t(u) = u + 2. Let c be t(-5). What are the prime factors of (c/(-9))/(2/54)?
3
Let x = -19 - -66. What are the prime factors of x?
47
Suppose 3*d - 20 = 4. Suppose x + d = 5*x. What are the prime factors of x?
2
Let q be (102 - 3)/3*1. Suppose 2*x = -0*x + 5*d + 39, -d + q = 3*x. List the prime factors of x.
2, 3
Suppose -3*i - 2*i = -420. Suppose -2*j - 3*s + i = j, -144 = -5*j - 4*s. What are the prime factors of j?
2
Suppose 4*c - 168 = -44. What are the prime factors of c?
31
Let f = 13 + -8. Let q(b) = -b**3 - 7*b**2 - 8*b - 6. Let z be q(-6). Let h = f + z. List the prime factors of h.
11
Suppose -g - 55 = 4*g. Let d = g - -18. List the prime factors of d.
7
Suppose -73 = -k + 118. What are the prime factors of k?
191
Suppose 4*c - 20 = 100. What are the prime factors of c?
2, 3, 5
Let q = -11 - -59. List the prime factors of q.
2, 3
Let r(k) = k**3 + k**2 - k + 46. What are the prime factors of r(0)?
2, 23
List the prime factors of (-3)/(9/(-167)) - (-2)/6.
2, 7
Suppose 2*q + 33 = 5*k, -5*k = 2*q - 5*q - 37. Suppose -v = 2*u - 11, k*u - 9 = -v + 11. List